4*y - 110, 0 = 2*y - y + 3*p - 31. Calculate the highest common divisor of y and 25.
25
Let d = 0 + 4. Let c = 13 - 8. Let t = c + -3. What is the greatest common divisor of d and t?
2
Let k = 108 - 67. Calculate the greatest common divisor of 41 and k.
41
Let o = 97 + -82. What is the greatest common factor of 195 and o?
15
Let z = 17 - 7. What is the greatest common factor of 2 and z?
2
Let t = 267 + -179. What is the greatest common factor of 8 and t?
8
Let w = -19 + 23. Calculate the highest common divisor of 10 and w.
2
Let j = 25 - 16. What is the greatest common factor of 3 and j?
3
Let r be 2 + (-1234)/2 - -1. Let o be r/(-8) + 1/4. What is the highest common divisor of 7 and o?
7
Suppose -v - 133 = -2*v. Let d = 280 - 190. Suppose -d = -2*z - 3*z - f, 4*z + 3*f - 61 = 0. What is the greatest common factor of v and z?
19
Suppose 2*b + o - 28 = 0, 5*b + 2*o = 67 + 2. What is the greatest common divisor of b and 13?
13
Let p = -12 + 25. Let d(n) = -n**2 - n + 117. Suppose j + 0*j = 0. Let b be d(j). Calculate the greatest common factor of p and b.
13
Let r(z) = z - 3. Suppose 6*a + 12 = 8*a. Let d be r(a). Calculate the highest common divisor of 3 and d.
3
Let y = -7 + 4. Let o(f) = 30*f - 1. Let w(s) = s + 1. Let t(g) = -o(g) - 4*w(g). Let a be t(y). What is the greatest common factor of a and 11?
11
Suppose -2*v + v = -2. Let z be v/(20/12 - 1). What is the greatest common factor of 3 and z?
3
Let n be 16 + -3*(-2)/3. Suppose -n = -o - 0*o. What is the highest common divisor of 45 and o?
9
Let b(m) = -11*m - 5. Let p be b(-4). Calculate the greatest common factor of 26 and p.
13
Suppose -3*y = -4*y + 18. What is the greatest common divisor of y and 198?
18
Let c(p) = -p**3 + 18*p**2 + 39*p + 23. Let r be c(20). Suppose a - 2*t - 6 = -4*t, 4*t - 10 = -a. Calculate the highest common divisor of a and r.
1
Let y(b) be the third derivative of -b**4/24 - 4*b**3/3 + 4*b**2. Let m be y(-9). Calculate the greatest common divisor of m and 3.
1
Suppose 0 = 3*m - 6*m + 90. Suppose -3*r + 0*r + m = 0. Let s be 1/(-3) + 608/24. Calculate the highest common factor of r and s.
5
Let h = 127 - 109. Calculate the greatest common factor of 30 and h.
6
Let j be 13 + (0 - 2) - -2. Suppose 2*k - 1 = k. Let o be k + 0 - 0 - -103. Calculate the greatest common divisor of j and o.
13
Let d(n) = -2*n + 12. Let l be d(-10). What is the highest common divisor of l and 8?
8
Suppose -6*o = -4*o + r - 15, 2*o = 4*r + 10. Calculate the highest common divisor of 49 and o.
7
Let c be (-1)/(-8) + 2875/40. What is the greatest common factor of c and 8?
8
Suppose 4*l - 6 - 18 = 0. Let r be ((-216)/16)/(2/(-8)). Calculate the greatest common factor of l and r.
6
Let z(u) = -2*u - 3. Let l be z(-2). Let k(n) = 8*n + 136. Let x be k(-16). Calculate the highest common factor of x and l.
1
Let x = 115 + -101. Calculate the greatest common factor of x and 126.
14
Let a = 18 + -13. Calculate the highest common divisor of a and 25.
5
Let j = 9 + 59. Calculate the greatest common factor of j and 17.
17
Suppose 0 = t - 6*t. Let y be (t - -3)/((-6)/(-32)). Let p = 4 + y. Calculate the greatest common divisor of p and 8.
4
Suppose 0*z - 3 = 3*z. Let k be (1 + 1)/(z/(-56)). Suppose -k = -4*g - 40. Calculate the greatest common divisor of g and 54.
18
Suppose 22 = -4*q + 2*q. Let y(r) = -r**2 - 13*r - 7. Let x be y(q). What is the highest common divisor of x and 120?
15
Let c(i) = -i**2 + 10*i. Let j be c(5). Let a = -358 - -558. What is the highest common divisor of a and j?
25
Suppose -6*m + 18 = 3*m. What is the greatest common divisor of m and 22?
2
Let i(d) = -2*d - 1. Let z(x) = -x. Let s be z(5). Let q be i(s). What is the highest common divisor of q and 72?
9
Suppose -5*a + 3 = y, 3*y + 0*y + 5*a - 9 = 0. Let p be (-1)/2*(y + -17). Let q = -1 + p. Calculate the highest common divisor of 66 and q.
6
Let m(a) = a**2 + 6*a - 7. Suppose -45 = 7*b - 2*b. Let s be m(b). Suppose -3*l + 19 = -s. What is the greatest common divisor of 26 and l?
13
Let j(t) = -2*t + 6. Let r(p) = -4*p + 12. Let h(x) = -11*j(x) + 6*r(x). Let c be h(-9). What is the greatest common factor of c and 168?
24
Let w be ((-21)/9 - -2)/((-5)/165). Calculate the greatest common divisor of w and 1.
1
Let n(m) = m**2 + 7*m - 6. Let b be n(-9). What is the highest common divisor of b and 132?
12
Suppose 5*p - 64 = 3*o, 3*o - 72 = -5*p + 2*o. What is the greatest common divisor of p and 14?
14
Suppose -3*s - n + 3*n = -35, 5*s = 5*n + 65. Calculate the greatest common divisor of 72 and s.
9
Let s = -5 + 37. Calculate the highest common factor of s and 8.
8
Let u = 30 - 20. Suppose t = -2*t. Suppose 0 = -4*q - 4*n + 20, -q = 2*n - 5 - t. What is the greatest common factor of u and q?
5
Suppose 35 = 2*q + 3*q + 4*v, q - 23 = -4*v. Let w = 4 + -2. Calculate the greatest common factor of w and q.
1
Let a be 0/(-2) + 25 + -3. Suppose 3*o - 6*o = 0. Suppose o = -l - 5, 0*l = -2*s + l + 27. Calculate the greatest common factor of s and a.
11
Let k = -72 - -126. Calculate the highest common divisor of 6 and k.
6
Let y be 3246/27 - 6/27. What is the highest common divisor of y and 24?
24
Let b = -21 + 41. Let j(f) = -f**2 - f. Let d be j(0). Suppose 5*o + 0*o - b = d. What is the highest common divisor of o and 12?
4
Let c(u) = -u**2 + 23*u - 50. Let m be c(20). Calculate the highest common divisor of 90 and m.
10
Let u = 39 - 34. Calculate the highest common factor of u and 5.
5
Let u = 16 - -72. Calculate the highest common factor of u and 11.
11
Let y be (-2 + 0)*6/(-4). Let h(p) = 29*p**3 - 3*p**2 + 3*p - 2. Let n be h(1). What is the highest common divisor of y and n?
3
Suppose f + u - 1 - 7 = 0, 0 = 5*f - 4*u - 31. Calculate the highest common factor of 1 and f.
1
Let j = 32 - 31. Calculate the highest common divisor of 7 and j.
1
Let q be (2 + -3)*3*(-38 + 3). Calculate the greatest common divisor of 21 and q.
21
Let z = 366 - 131. Suppose 4*o - 29 = z. Let i(k) = -k**3 - 4*k**2 + 2*k - 4. Let p be i(-5). What is the highest common divisor of p and o?
11
Let w = -6 - -7. Suppose 0 = -g - 2*g - 12, 4*l + 5*g + 4 = 0. Let y = l - w. Calculate the greatest common factor of 21 and y.
3
Let n be 14/(-7)*1*-2. Suppose q = -l + 174, n*q + 4 = 5*q. Calculate the highest common divisor of 68 and l.
34
Let x = -23 - -48. Suppose -z = -4*q + x, 1 + 3 = q. Let c = z - -17. Calculate the greatest common divisor of c and 16.
8
Let f = 40 - 21. Calculate the highest common factor of 133 and f.
19
Let a be 240*1/6*3. Let z = a + -186. Let m = z + 101. Calculate the highest common divisor of m and 7.
7
Suppose u + 87 = 4*j, -u - 21 = -j - 0*j. Calculate the highest common factor of 88 and j.
22
Let b(d) = d**3 + 4*d**2 - d + 1. Let w be b(-4). Let s = w + -2. Let r be (s/4)/((-1)/(-32)). What is the highest common divisor of r and 12?
12
Suppose -9*i = 4*i - 403. What is the greatest common factor of 31 and i?
31
Suppose 2 + 6 = 4*k + 2*u, 0 = -2*k + 4*u + 24. Suppose -2*s + 0*o = o - 25, -55 = -k*s - o. What is the highest common factor of s and 3?
3
Let z be 0 - (-191 - (3 + -1)). Let x = z + -62. Let q = x - 59. Calculate the greatest common divisor of 9 and q.
9
Let q = -12 + 14. Let j = q + 22. What is the greatest common divisor of 216 and j?
24
Let y = 16 - 11. Suppose -j = j - 3*d - 164, 20 = y*d. Calculate the greatest common divisor of 8 and j.
8
Let v be -16*(2 - 17/4). What is the greatest common divisor of v and 9?
9
Suppose 0 = -f - 2 + 21. Suppose -5*t + f = -2*q, -5*t + 16 = -2*q - q. Suppose 0 = b - t - 3. What is the highest common divisor of b and 4?
4
Let b = -3 - -7. Let h be (-3)/((-1)/(b + -3)). Let t be ((-6)/h - -3) + 8. What is the greatest common divisor of t and 1?
1
Suppose 0 = 9*n - 64 - 17. Let t(a) = -a**3 - a**2 + a + 72. Let q be t(0). What is the greatest common divisor of n and q?
9
Let z be (20*2/(-2))/(-1). Calculate the highest common factor of z and 5.
5
Let a(o) = 54*o**3 + o. Let k be a(1). Calculate the greatest common factor of 5 and k.
5
Let w(s) = s**2 - 4*s - 10. Let t be w(8). Suppose i + i = 2*p - 2, 2*i - t = -2*p. Suppose 3*r = -0*r + p. Calculate the greatest common factor of r and 18.
2
Suppose -20 = -4*d + 4. Suppose 2*u + 52 = d*u. Suppose -8 = f - 34. Calculate the highest co